+ 61?
85
Evaluate (-54 - (24 + -50) - -143) + -4.
111
What is -612 + 633 + (22 - (2 - 6))?
47
Evaluate -1 + -8 - (-44 - -38) - (8 - -13).
-24
123 + 35 + -42 + 23 + -34 - -24
129
What is the value of 142 - -2 - -8 - (56 + -40 + -2 + -3)?
141
Evaluate 8 + 57 + 26 + -109.
-18
51 + -21 - -37 - 48
19
What is the value of (-58 + (51 - 18 - 7) - -5) + -3 + 1?
-29
Evaluate (-18 - -9) + (48 - ((6 - 9) + -2 - -4)).
40
What is the value of 141 + (-117 - -93) - 90?
27
Calculate -29 + 1 + (191 - (138 - -57)).
-32
What is the value of -62 + 55 - ((-12 - 34) + 3)?
36
Evaluate -21 + (-24 - -47) + 1 + 0 - -85.
88
What is the value of -17 + -8 + (4 - -1)?
-20
Evaluate (0 - -27 - (-121 - -145)) + 105.
108
Calculate -12 + (-14 + 14 - -3) + -18.
-27
10 + (5 - 9 - -7 - -1 - 73)
-59
What is -54 + -21 + 25 + 80?
30
Calculate 65 + 7 + 0 + 8 + -2 + -16.
62
Evaluate 1 - -13 - -2 - (-13 - 3 - -5).
27
What is 13 - (1 + -24 - (-1 - 14 - (-430 + 403)))?
48
-1 - -1 - 0 - (-3 - -87 - (-132 - -153))
-63
(-21 - (10 - (-17 + -22 + 67))) + 1 + -39
-41
Evaluate -25 - (-7 + 1 + 0).
-19
Evaluate 111 - (209 + -15 + -53).
-30
(-18 - -13) + -11 + -11 - (-1 + -1)
-25
What is (-65 - -40) + 45 - 37?
-17
Evaluate 4 + (17 - 16) + -22 + -26.
-43
Evaluate 20 - (-7 - -7 - -11 - 5 - 8).
22
Calculate -35 - (0 + 3) - ((45 - 30) + -23).
-30
22 + (-8 - (-11 + -27 + 23))
29
What is ((4 - (-1 + -1)) + 2 - (-1983 + 1986)) + -101?
-96
What is -34 - (38 - -2) - -47?
-27
Evaluate -3 + -1 + 16 - (16 - (-14 - -30)).
12
Evaluate -3 + (-16 - -24 - -29).
34
What is -1 + -1 + 15 + 17 + 14 + 3?
47
Calculate 3 + 0 + -26 + (500 - 496).
-19
What is -16 - (4 + 17 - 53) - 10?
6
What is the value of 7 - -1 - (25 + -100 + 29 + 19)?
35
-208 + 166 + (1 - -18)
-23
Calculate 2 + 12 + 31 + -45 - -4 - (-40 - -3).
41
What is (-23 - -5) + -33 + (-13 - -25)?
-39
24 + 9 + -20 + (40 - 23) - (0 - 14)
44
Evaluate (0 - -11) + (-33 - 21) - (-10 + 1).
-34
What is -16 + 198 + 62 + -149?
95
What is 10 + 14 - 51 - (-70 - -108)?
-65
Calculate 4 + (-16 - (36 + -25 + -57)) + 0 + -4.
30
Calculate -5 + (-28 - 25 - (0 + 1)) - (-78 - -81).
-62
What is 0 - (5 + -6 + -2) - (16 - -1 - -36)?
-50
Evaluate -69 - -64 - (-9 + 68 + 2 + -6 - 1).
-59
Evaluate 4 + (2 - -4) + -10 + -27 + 17.
-10
(72 + -3 - 147) + 60
-18
-48 + 10 + 35 + 4 + -51 + -5 + 2
-53
(-36 - 9) + 17 - (-38 + -3)
13
-1 - (-20 + (3 - -12))
4
What is -9 + -15 - -7 - (-37 - -17)?
3
What is the value of -58 - (-11 - (-71 + 58))?
-60
Evaluate 73 - (92 + 57 - 96).
20
Calculate 104 + 4 + -3 + -371 + 389 + (-4 - -1).
120
-24 + 22 - 37 - -37
-2
Calculate -1 + (16 - -8) + (-211 - -127).
-61
Evaluate ((-10 - -5) + -5 - 17) + -50.
-77
Evaluate (3 - -79) + (371 - 376).
77
(-7 - -1) + (45 - 52 - (-4 + 34))
-43
(-3 - 0 - -30) + 2066 + -2083
10
What is -30 - (-6 - ((-25 - 3) + 26))?
-26
Calculate (13 + -16 - -6 - -7) + (-1 - 1 - 2).
6
Evaluate -20 + 14 + 24 + (13 - 117).
-86
Evaluate -34 + 57 + -56 + 46.
13
-22 + -92 + 14 + 12 + 15
-73
(41 - (-20 - -38)) + 4
27
What is -34 - 2 - (-7 + 14 - -36 - 28)?
-51
Calculate 4 + -1 + 65 + -79 + (-4 - 0) + 1.
-14
Calculate -11 + 93 + -51 + 6 + 59.
96
Calculate -102 + (-17 - -46) + -8 + 22 + -4.
-63
What is the value of (5 - -37) + -60 + -92 + 33?
-77
-21 + (39 + -19 - -90)
89
Calculate -48 + (-5 - 1 - (-17 + 19) - (-38 - -33)).
-51
Evaluate 48 - (-114 - (-134 - -108)).
136
Evaluate 20 - ((7 + -4 - -2) + (37 - 30)).
8
Evaluate (0 - -11) + (-12 - (22 - (-10 + 34)) - 92).
-91
What is the value of -13 - 3 - (-553 + 531)?
6
Calculate (-35 - 52 - -20) + 22.
-45
Evaluate 1 - (-359 + 399 - (15 - 0)).
-24
What is the value of 16 + (-1 - 1) + 0 + -2 + -13?
-1
Calculate 43 - ((15 - 8 - 2) + -13 - -9).
42
Evaluate (914 - 940) + (2 - (-7 + 0 + -1)).
-16
What is -1 + -51 - (197 + -198)?
-51
18 + -27 + (107 - ((-2 - -2) + (12 - 5)))
91
-3 + (0 - 0) + (-42 + 86 - 95)
-54
Calculate -134 - (-33 - 50 - 25).
-26
Calculate -7 - (14 + (-27 - -3) + -6 + (0 - -9)).
0
Evaluate (-2 - -14) + (-167 - -157) - (1 + -14).
15
What is 27 - (-50 + -1 + 44)?
34
Evaluate 7 + (51 - 11) - (26 - 23).
44
(-23 - (7 - (17 - (-7 + 6)))) + 17
5
What is the value of (-7 - -1) + (22 - (15 + (16 - 4) + -33))?
22
Evaluate 3 + 4 + -13 - ((9 - -5) + 1).
-21
What is the value of (-15 + 15 - (-44 + 49)) + 68?
63
What is the value of -10 + 35 + -33 + 48 + -1?
39
What is 42 - (84 + 41) - -37?
-46
What is the value of -45 - (19 + -32 - -12 - -26)?
-70
What is the value of -2 - (-34 + (16 - -8) + 33)?
-25
52 + -54 + (-8 + 1 - (-20 - 3))
14
What is the value of 19 - 10 - -144 - 7 - (-1 + 24)?
123
What is (-276 - -112) + -13 + 142?
-35
What is -18 - ((7 - (-3 - -17)) + (25 - 22))?
-14
Evaluate 0 + -44 + (545 - 529) - 34.
-62
Evaluate -12 + (33 + -36 - (-24 - 0)) + 5 - 3.
11
(-5 - (53 - 30)) + 13
-15
What is -35 - (261 - (90 - -56))?
-150
What is -31 + (13 - -59) - 154?
-113
What is the value of (-30 - -1) + 77 - 39?
9
1 + (-63 + -2 - (9 - (-20 + 42)) - -3)
-48
Evaluate -1 + -19 + (-71 - -52 - 24) + 53.
-10
-56 - ((-1 - (-11 + 19)) + -13 + 9)
-43
Evaluate (-49 - (6 + 19)) + 59.
-15
Evaluate -65 + (117 - 87) - (1 - -17).
-53
Evaluate -2 + -8 + 13 + (12 - 14).
1
What is (1 + 143 - 15 - 17) + -30?
82
Calculate -33 - (11 + -36 + -78 + 45).
25
(-47 + 12 - (-29 - -42)) + 138
90
(562 - 551) + -94 + 34
-49
What is -3 + (-2 - (11 + -10)) + 94 + 1 + 3?
92
1 - 31 - (-2 + (13 - 12)) - 11
-40
What is the value of (2 - (1 + 11)) + (18 - (25 - 5))?
-12
7 + (-156 + 125 - (3 - (4 + -2)))
-25
Evaluate (84 - (305 - 114)) + (-3 - -10).
-100
What is 33 + -20 + 2 - (10 + 3) - -28?
30
Evaluate -1716 + 1641 - (1 - 64).
-12
1 + 62 + -3 + (-26 - -35) + (8 - 6)
71
What is the value of (-5 - -5) + -2 + 6 - (134 + -148)?
18
Evaluate -44 + 28 + (112 - 83).
13
Evaluate (9 - ((4 - -5) + 3)) + -3 + (-104 - -24).
-86
Evaluate -58 - (9 - (-9 + 7 + 6) - (17 + -2)).
-48
What is the value of 12 - ((8 - (5 - -52)) + 15) - 8?
38
Evaluate (26 - (-1 + -3 + 9)) + -18.
3
What is 2 + 8 + (-70 - 12 - -11)?
-61
What is (-67 - (-22 - 19)) + -17?
-43
What is ((-16 - -27) + -20 - (-11 + 4 + -4)) + 1?
3
Evaluate (-818 - -752) + -14 + 1 - (-14 + 1).
-66
Evaluate -362 + 380 + -2 + -11 - 52.
-47
-45 + 32 + 5 - -50
42
Calculate (-69 - -41) + (4 - (-2 - -7)).
-29
What is 128 + (-224 - -78) + (92 - 0)?
74
Calculate -4 + -98 + (-149 - -149) - 15.
-117
What is 146 + (19 - -96) + -195?
66
What is (62 - (-1 + -1)) + 218 + 187 + -385?
84
Calculate 403 + -392 - ((2 - 53) + 3).
59
What is the value of 42 + -80 + 2 + 54?
18
Evaluate -70 - ((4 - 11) + -35).
-28
What is the value of 5 - (0 - 9 - (-60 + 31 + (-12 - 8)))?
-35
What is the value of (18 - (-4 - -11)) + -6 + -15 + -2 + -20?
-32
Evaluate 0 - (60 + 1) - (-940 - -949).
-70
Calculate 28 + ((585 - 590) + -10 + 0 - (-9 + 1)).
21
(3 - (17 + -13)) + -36 + 25
-12
-22 + -112 + -19 + (-12 + 8 - (-3 - 10))
-144
What is (19 + 1 - -36) + -47?
9
What is -124 + 81 - (-8 - (-3 - -4))?
-34
6 + 1 + (-24 - (-6 - (0 - -8))) + -8
-11
Calculate -32 - (-32 - (-54 - -7)).
-47
What is 42 - (13 + (-35 - -8 - -17))?
39
(40 + -113 - -35) + 62 - 107
-83
Evaluate -4 + 2 + (-75 - -6) - (35 - 0 - 22).
-84
0 - -10 - (-93 - (-39 + (8 - -34)))
106
Calculate 62 - ((-2 - (-10 + 7)) + 1 + (-3 - -1)).
62
What is the value of -35 + (119 + -151 - (-2 + -166))?
101
Calculate (-2 - 35) + (-184 - -194).
-27
Evaluate 33 - (-35 - -29 - (-8 - (5 + -10 - -7))).
29
Evaluate 0 + (0 + (-2 + 2 - 9) - -40).
31
What is the value of 54 + -41 + 56 + -39?
30
What is the value of 62 + (7 + -21 + 14 - 2)?
60
What is the value of (-1 - ((15 - 33) + 20)) + 69 - 13?
53
Evaluate (31 - 3) + (117 - 143) - (1 - -13).
-12
28 - -16 - 53 - (5 - -14)
-28
What is the value of 15 + -7 + (66 + -56 - (4 + -4))?
18
26 + 3 - (344 + -253)
-62
What is 0 - 66 - (19 - (17 + -15) - (-2 + 13))?
-72
Calculate -3830 + 3972 - (-1 - -62).
81
What is the value of -5 + 0 + 344 + -420 - -22?
-59
What is 61 + (3 - 1) + (36 + -27 - 52 - -48)?
68
Calculate 36 - (47 + 15) - -22 - 86.
-90
Evaluate (-214 + 226 - (-2 - -19)) + 9.
4
What is (1 - 0) + (2 - -19 - (-175 - -138)) - 10?
49
Evaluate 45 - (7 - (32 - (11 + 0))).
59
Evaluate (-24 - -24) + -51 + (8 + -16 + 2 - -5).
-52
Evaluate -35 - (-4 - 26 - 37).
32
Evaluate (-29 - (-2 - -1)) + -1067 + 1076.
-19
Calculate (96 - 4) + 11 + -30 - (7 + 0 + -23).
89
Evaluate -40